 Let a(p) = 23*p**2 + 2*p - 5. Let j(z) = -34*z**2 - 3*z + 7. Let u(d) = 7*a(d) + 5*j(d). Determine u(w).
-10
Suppose 4*l = -3*a + 25, -4*l + 5*a + 1 = -0*l. Let n(f) = -3 - f + 0*f + l - 5*f. Suppose -o - 7 = j, 2*j = 3*o - o + 6. What is n(j)?
13
Let p(u) = 8*u**2 + 1. Suppose 7*k - 8*k + 1 = 0. Suppose -4*t + k = -3*t. Give p(t).
9
Let c(x) = -2 + 4 + 0 + x + x. Suppose -1 + 10 = -3*j. Give c(j).
-4
Let a(h) = 3*h**2 - 6*h - 5*h**2 + 6 + 0. Suppose 3*d = -26*u + 27*u - 4, 18 = -3*u - d. Determine a(u).
-14
Let l(n) = -n + 2. Let w be (2 - (-18)/(-3))/2. Let c(b) = -b + 4. Let t be c(w). Suppose -11*i + t*i = -30. Determine l(i).
-4
Let s = 7 + -10. Let f(o) be the first derivative of o**3/3 - o**2/2 - 4*o - 193. Calculate f(s).
8
Let n(q) be the third derivative of 1/24*q**4 + 0 - 2/3*q**3 + 0*q - 10*q**2. Give n(9).
5
Let d(g) = 4*g. Let p(z) = z**2 - 21*z + 49. Let m be p(18). What is d(m)?
-20
Let q(l) = 10*l + 12. Let o(v) = -3*v - 4. Let a(p) = 7*o(p) + 2*q(p). Suppose 0 = 5*z - 11 + 6. Suppose 0 = -n + z - 6. Calculate a(n).
1
Let o be (-2)/(-7) + 19/7. Let n(d) = 13*d**3 - 18*d**3 - 1 + 6*d**o + d**2. Suppose 2*w + 1 + 3 = 0. What is n(w)?
-5
Let q(j) = -j**3 - 3*j**2 + 2*j + 10. Let f(c) = -c**2 + c. Let s(v) = -f(v) - q(v). Let p be s(-4). Let x(z) = -3*z + 2. What is x(p)?
-4
Suppose 42 = -y + 44. Let h(c) = 2*c - 3. Let n(z) = z. Let t(x) = h(x) + 2*n(x). Determine t(y).
5
Suppose 4*a = 2*s + 2*a - 12, 0 = 4*s - 5*a - 26. Let u be ((-4)/10)/(s/(-40)). Let y(t) = -u - 4 + 4 - t**3 - 8*t - 7*t**2. Determine y(-6).
8
Let c(j) be the second derivative of j**6/120 + j**5/12 + j**4/12 - j**3/6 - 27*j**2 - j - 6. Let a(r) be the first derivative of c(r). Calculate a(-2).
7
Let h be (-10*(-3)/5 - 10) + 1. Let x(w) be the first derivative of -w**3/3 - 3*w**2/2 + w + 1. Calculate x(h).
1
Suppose 107 = 4*x - 133. Let q(w) = -124 + 4*w + 62 + x. What is q(3)?
10
Let v(z) = z**2 + 7*z - 2. Suppose -24*f = 50 + 118. Calculate v(f).
-2
Let s be (2 - 5/2)*-2. Let f(a) = 10*a**3 + 1 + 0 - 19*a**3. Calculate f(s).
-8
Let n(p) = -5*p - p**2 + 3*p**2 - 5*p + 25*p - 12*p - 5. Determine n(4).
39
Suppose -71*t + 67*t - 48 = 4*j, 3*t + 5*j = -46. Let r(w) = 5*w + 40. Determine r(t).
5
Let s = 5 + -8. Let u be 5 + 1/(1/s). Let t(g) = -1 - 2 + 5*g - u + 6. What is t(-1)?
-4
Let b = 2 - 1. Suppose -6 = -30*v + 28*v. Let c(w) = -2*w**2 + 8*w + 1. Let y(x) = 2*x**2 - 6*x - 1. Let d(s) = v*c(s) + 4*y(s). What is d(b)?
1
Suppose -n + 4*u - 38 = 0, 2*u - 64 = 2*n + n. Let z be n/(-45) - (1 + 14/10). Let d(g) = g**3 + 4*g**2 + 4*g + 2. What is d(z)?
2
Let k(p) be the third derivative of p**6/120 + 3*p**5/20 + p**4/6 - 2*p**3 - 42*p**2. What is k(-9)?
-48
Let y(t) = t**3 - 8*t**2 + 9*t - 4. Let r be ((-328)/(-14))/(34/119). Let n = r - 75. What is y(n)?
10
Let t(a) = 27*a**3 + 35*a**2 + 7. Let x(o) = 14*o**3 + 21*o**2 + 4. Let y(f) = -3*t(f) + 5*x(f). Let u be (-2)/(-6) + 10/15. Give y(u).
-12
Suppose 51 = 16*d - 93. Let n(g) = -4*g + 31. Calculate n(d).
-5
Let z(n) = -n**2 - 9*n. Suppose -30*k - 152 = 118. Determine z(k).
0
Let l = -38 - -40. Let d(g) = l*g + 3*g + 2 - 4*g**2 - 7*g + 3*g + g**3. Give d(3).
-4
Let k be 6*(1 + 1)*1. Suppose 7*w = k*w + 40. Let o(v) = -v - 3. Determine o(w).
5
Let k(b) = b**2 - 5*b - 7. Suppose -3*y + 48 = y. Suppose -p + 4*h + 8 = 0, -2*p + 3*h + y = -h. Let j = p + 1. What is k(j)?
-7
Suppose 4*m - 23 = 5*b, -3*b - 2*m - 2 = 3. Let s(t) = -4*t - 6. What is s(b)?
6
Let i(l) = -7*l - 1. Let j be i(-1). Let c(b) = -b + 16. Let q(a) = -3*a + 55. Let g(p) = 7*c(p) - 2*q(p). Calculate g(j).
-4
Let a(x) = -2*x + 2. Let i(n) = -2*n - 4. Let m be i(-8). Suppose 5*l - 3 - m = 0. Let c be -7 + (l - (-1 - -1)). Give a(c).
10
Let z(b) = -b**3. Let f = 0 + 4. Let n be f/(-12) + 1/3. Suppose 3*o = 3*p - 15, n*o - 3*o = 9. Give z(p).
-8
Let r(t) be the third derivative of 11*t**6/120 - t**3/6 + 82*t**2. Calculate r(1).
10
Let d(v) = 33 - 8*v - 12*v**2 + 7*v - v**3 + 5*v**2 - 24 + 8*v. Calculate d(-8).
17
Let i(q) be the third derivative of q**5/60 + q**4/3 + 4*q**3/3 + 2*q**2 - 1. Let r be (-16)/(-6)*(-6)/4. Let w be (0 - r/(-10))*15. What is i(w)?
-4
Let o(l) = 81*l - 8. Let p be o(2). Let x be 35/11 + (-28)/p. Let d(n) = -n**2 + 3*n + 1. Give d(x).
1
Let j(a) = -466*a**2 + 8 + 2*a**3 - 456*a**2 - 9*a + 1363*a**2 - 456*a**2. Give j(8).
0
Let n(h) be the second derivative of h + 0 - 1/12*h**4 + h**3 - h**2. What is n(5)?
3
Let z be 3/(5/(50/6)). Suppose 22 = 2*f - f + 5*x, z*f + 2*x - 18 = 0. Let c(s) = -3*s + 4*s**3 + 2*s**2 - 2*s**3 - 3*s**3. Calculate c(f).
-6
Let z(h) = -h**3 - 5*h**2 + 3*h + 3. Suppose 4*j = 4*w - 28, -2*j = 2*w - 3*j - 11. Suppose 0*x - 4*x - 3*i - 8 = 0, -w*x + 3*i - 32 = 0. Calculate z(x).
-12
Suppose 0 = 11*z - 6*z - 25. Let s(i) = -z*i + 5*i - 2 - i. Suppose -l - 6 = l. Give s(l).
1
Let y(h) = h**2 + 6*h + 4. Let d(g) = g**2 + 5*g + 3. Let m(w) = 5*d(w) - 4*y(w). Let u(q) = -2*q**2 - 2*q + 2. Let r(i) = 3*m(i) + 2*u(i). Give r(2).
-5
Let o(g) = 6*g - 8. Suppose 0 = 66*a - 315 - 81. Determine o(a).
28
Suppose -7*o + 16*o - 81 = 0. Let g(f) = f - 8. Give g(o).
1
Let h(u) = -u**3 - 4*u**2 + 8*u - 13. Let j(x) = x**2 - x + 2. Let b(l) = h(l) + 6*j(l). Calculate b(3).
-4
Let t(z) = 4*z - 51. Let d be t(11). Let x(f) = f + 7. Calculate x(d).
0
Let l(d) = -d**2 + 6*d - 3. Let q be (3/(-9))/(3/(-9)). Let k(v) = 2*v - v + 0*v + q. Let j(h) = 6*k(h) - l(h). Give j(0).
9
Let f(n) be the second derivative of n**4/12 - 17*n**3/6 + 6*n**2 + 2*n + 14. Calculate f(16).
-4
Let t(m) be the third derivative of 0*m + 1/4*m**4 - 1/120*m**6 + 0 + 5/6*m**3 + 7/60*m**5 - 24*m**2. Calculate t(8).
-11
Suppose -84 = -9*n + 42. Let t(j) = -j**2 + 15*j - 9. Determine t(n).
5
Let r(g) = g**3 - 3*g**2 + g + 1. Let u be (-264)/330*(-2 - (-2)/(-4)). Give r(u).
-1
Suppose 0 = -4*q + 4, -1 = -v + 2*q + 2. Let b(c) = -4*c**2 - v + 13*c**2 + 4*c - 10*c**2. What is b(5)?
-10
Let p(r) = r**2 - 2*r + 1. Let x be -2*(2 - 7)/10. Give p(x).
0
Let k(u) = 2 + 6*u - 12*u + 7*u. Let r(h) = -8*h + 1. Let z be r(1). Calculate k(z).
-5
Let x(n) = -8*n**3 - 5*n**2 - 15*n - 3. Let z(h) = -7*h**3 - 4*h**2 - 13*h - 2. Let c(u) = 5*x(u) - 6*z(u). Determine c(2).
15
Let c(u) = -7*u - 7. Let o(h) = 7*h + 8. Let n(p) = 3*c(p) + 2*o(p). Let k(i) = -8*i - 6. Let x(t) = 5*k(t) - 6*n(t). What is x(2)?
4
Let f(i) = 11*i**3 + 4*i**2 - 11*i - 13. Let j(g) = 5*g**3 + 3*g**2 - 5*g - 7. Let a(q) = 4*f(q) - 9*j(q). Calculate a(-11).
0
Let c = 116 - 117. Suppose 3 = -l + 3*x - 0, 4*l = 4*x + 4. Let q(n) = 0*n**l + n**2 + 4*n**3 - 6*n**3. What is q(c)?
3
Let k(z) = 10*z**2 + 3*z - 4. Let v(g) = -39*g**2 - 14*g + 18. Let h(n) = 9*k(n) + 2*v(n). Determine h(1).
11
Let w(x) = -x - 10. Suppose -5*i = 26 - 306. Suppose -6*b + 2 - i = 0. Determine w(b).
-1
Let f = 2168 + -928. Let s(i) = 5*i + f - 2*i + i**3 - 1237 - 5*i**2. Calculate s(4).
-1
Let l(m) = -m**3 - 7*m**2 - 6*m + 4. Suppose 0 = 10*c + 42 + 18. Determine l(c).
4
Let b(d) = d**2 - 7*d + 7. Let w(s) = s**3 - 18*s - 8. Let h be w(-4). Let t be (-6)/(-2*(0 - -1)). Suppose -5 = -5*m - 4*z - h, -t*m + z = -20. What is b(m)?
-3
Let f(m) = m**2 - 16*m + 10. Let s be f(13). Let w be s/(-9) + (-6)/27. Let c(v) = -11 + w + v + 15. What is c(-5)?
2
Let i(d) = -2*d**2 - 13*d + 10. Let a be i(-7). Let y(r) = 4*r - 9. Let o be y(a). Let f(u) be the second derivative of -u**4/12 + u**2/2 - 2*u. Determine f(o).
-8
Let b(q) = -2*q. Let s = 14 + -30. Suppose -5*y + 37 = -3*j - 21, 0 = 3*y - 15. Let h = j - s. Give b(h).
-10
Let g = -2 + 5. Let x(t) = 3*t**g + 6*t + 2*t**2 - 4*t**3 + 3 + 0*t**3 + 4*t**2. Suppose f - 4*h = -13, -44 - 9 = -4*f - 5*h. Give x(f).
-4
Let r = -174 - -178. Let p(o) = -o**3 + 2*o**2 + 6*o + 9. Calculate p(r).
1
Let n(f) be the third derivative of -f**4/8 - 7*f**3/6 + 13*f**2 + 1. Let w = 9 - 3. Calculate n(w).
-25
Suppose j = 4*j + 21. Let h = j + 12. Let t(v) = 26*v + 4*v - 34*v + 3*v + 4. Calculate t(h).
-1
Let c(q) = -128*q**2 + 243*q**2 - 116*q**2 + q**3 - 7 - 5*q. Determine c(3).
-4
Let n(j) = -j**2 + 2*j - 4. Let d be (-2)/10 - 1071/(-255). Calculate n(d).
-12
Let i be 3 + -1 + (1 - 0). Suppose -52 = -28*k + 4. Suppose 0 = 5*h + r - 7, 3*h + 1 = -i*r - k. Let p(o) = 2*o**3 - 2*o**2 - o + 2. Determine p(h).
8
Let b(